-4) + -1. What is the greatest common divisor of 33 and a?
11
Suppose 2*b - 13 - 27 = 0. Suppose -29*f = -32*f + 3*s + 15, -3*f + 15 = -5*s. Calculate the greatest common divisor of b and f.
5
Let o(d) be the first derivative of -d**2/2 + 5. Let z be o(4). Let v be 3/(3/(-32)*z). Calculate the highest common factor of 20 and v.
4
Suppose 174 = 11*p - 2. Let l be (-6*2)/(33/(-6) + 4). What is the highest common divisor of p and l?
8
Suppose 0 = -5*l + 2*l + 15, 2*u - 95 = -5*l. Calculate the greatest common divisor of 140 and u.
35
Suppose 396*y - 92 = 394*y. Calculate the greatest common factor of 207 and y.
23
Let z be (2 - 3)*(-354)/6 + -5. Calculate the highest common divisor of z and 378.
54
Suppose -16 = 34*k - 186. Let p(i) = 4*i**2 + 3*i + 2. Let g be p(-4). Let j = g - -1. What is the highest common factor of j and k?
5
Suppose 5*w = -3*u + 340, 0 = -w - 5*u + 88 + 2. Calculate the greatest common factor of w and 455.
65
Suppose -2*k - 3*k = 290. Let f = k - -226. Calculate the greatest common divisor of 21 and f.
21
Let a(s) = -s**3 + 7*s**2 + 13*s - 24. Let j be a(8). What is the highest common divisor of j and 152?
8
Let x = -13 - -15. Let g be (-1 - x/(-1)) + 218. Let w = g + -147. What is the highest common factor of 18 and w?
18
Let c = 126 + -98. What is the highest common factor of c and 21?
7
Suppose -23*m + 149 = -288. Calculate the highest common divisor of m and 152.
19
Suppose 16*n - 37*n = -12369. Calculate the highest common divisor of 76 and n.
19
Let k = -160 - -161. What is the greatest common factor of k and 23?
1
Let q(m) = 37*m + 51*m + 2 - 17*m. Let s be q(2). Calculate the greatest common factor of 16 and s.
16
Let s(w) = 21*w + 1. Let g be s(1). Suppose 18*y - 10 = 23*y. Let l be y/(0 - 4/g). Calculate the greatest common divisor of 1 and l.
1
Suppose -2*o + 5*i + 53 = 0, 2*i - 118 = -2*o - 3*o. Suppose 3*q - q = o. Calculate the greatest common divisor of 18 and q.
6
Suppose 3*q = 8 + 34. Let c be -4*(7/28 + (-7)/4). Suppose -8 + c = -o. Calculate the highest common divisor of q and o.
2
Let c = -14 - -9. Let t be (-198)/(-10) + c/(-25). Suppose 0 = -3*j - t + 44. What is the greatest common factor of 4 and j?
4
Suppose 0 = -4*y + 4*t + 20, -t = 4*t + 5. What is the highest common factor of 8 and y?
4
Let h(r) = -41*r - 1. Let q be h(-2). Suppose -3*w - q = -12*w. Calculate the highest common factor of 6 and w.
3
Suppose -2*y - 5*o + 30 = 2*y, -5*y - 5*o = -35. Suppose -y*d - 3*i + 41 = -0*i, -33 = -3*d + i. What is the highest common factor of d and 25?
5
Let u = 59 + -19. Suppose 200 = 5*o + u. What is the highest common divisor of o and 256?
32
Suppose -4*m + i + 8 = 0, 2 = m + i + i. Suppose m*r - 32 = -12. Let f be r/((-7)/((-308)/8)). Calculate the highest common divisor of f and 22.
11
Let t be ((17/51)/((-1)/12))/(-1). Let w be 31/(-62) - (-30)/t. Calculate the greatest common divisor of w and 28.
7
Suppose -11*n + 176 = -0*n. Let w be (4/(n + -4))/((-4)/(-132)). Suppose 5*z = 4*z + 11. What is the greatest common divisor of w and z?
11
Let m be ((-69)/115)/((-582)/(-585) + -1). What is the greatest common divisor of 78 and m?
39
Suppose 18*z - 24*z = 6. Let h be z*(-2 + 0) - -46. What is the highest common factor of 16 and h?
16
Let a(y) = y + 9. Let g be a(7). Let q(x) = x**3 - 4*x**2 + 2*x. Let l be q(2). Let f be l/(3/(-12) + 0). What is the greatest common factor of g and f?
16
Let y = -81 - -93. Calculate the greatest common factor of 384 and y.
12
Let l be (-252)/(16/(-4)) + -4. Let t = -40 + l. What is the greatest common divisor of 95 and t?
19
Let s(j) = 3149*j**2 + 6*j - 5. Let f be s(1). Calculate the greatest common divisor of 150 and f.
150
Let p(g) = -9*g + 13 - 10*g + 21*g - 4. Let r be p(0). Suppose 0 = u - r - 55. Calculate the greatest common divisor of 8 and u.
8
Suppose -m - 25 = -6*m. Suppose -h = -3*c - 3, -1 = -0*h + h - m*c. Calculate the highest common factor of 27 and h.
9
Let z = 8 + 2. Let v be 4/((-40)/5)*-18. Let m be (1 - 29)/(v - z). Calculate the greatest common factor of m and 70.
14
Let m(u) = u**3 + 11*u**2 - 3. Let t be m(-11). Let a(j) = 6*j + 20. Let z be a(t). What is the highest common factor of z and 2?
2
Suppose 5 = -8*t + 13*t. Let u(c) = -c**2 + 17*c - 41. Let n be u(14). Calculate the greatest common factor of t and n.
1
Suppose 114 = 3*l + 3*b, -5*l + 94 + 84 = 2*b. Let s = -157 + 242. Calculate the highest common divisor of l and s.
17
Let x = -22 + 21. Let d be (-7 + 6)/(x/5). Suppose 2*q - q - d = 0. What is the greatest common divisor of 10 and q?
5
Let w be 12/(-8)*4/(-3). Suppose 2*s + w*m = 50, -2*s + 0*s + 65 = -3*m. Calculate the highest common divisor of s and 14.
14
Let g be 6/(-4) + 551/58. Let v(o) = o**3 + 10*o**2 - 4*o - 16. Let q be v(-8). Calculate the highest common factor of g and q.
8
Let p(n) = -n**3 - 7*n**2 + 27*n - 16. Let q be p(-10). Let s = -1 - -4. Suppose w - 38 + s = 0. Calculate the greatest common divisor of q and w.
7
Let n(g) be the second derivative of 5*g**4/6 - g. Let d be n(1). What is the highest common factor of 25 and d?
5
Let j = 10 + -6. Suppose -4*x - 2*s = 89 - 671, 597 = j*x - 3*s. Calculate the highest common divisor of x and 21.
21
Suppose 5*p = 5, 170 = 3*s - 3*p + 5*p. Calculate the greatest common factor of 98 and s.
14
Suppose 81 + 162 = 3*i. Calculate the greatest common divisor of 9 and i.
9
Suppose -10 + 90 = 2*h - 4*u, -14 = h + 7*u. Let j = -14 - -56. Calculate the highest common factor of h and j.
14
Let r(y) = 45*y + 3*y**2 + 52*y + 10 - 102*y. Let b be r(4). What is the highest common divisor of 152 and b?
38
Let u(i) = 28*i + 175. Let x be u(3). Calculate the greatest common factor of x and 28.
7
Let y = 165 + 33. Suppose -48 = -o - g - 11, 4*o = 4*g + 116. What is the highest common factor of y and o?
33
Let m(k) = -k**3 - 18*k**2 - 25*k + 20. Let q be m(-11). Let n = q - -813. Calculate the highest common divisor of n and 29.
29
Let v = 5 - 0. Suppose 0*y = -y + v*b + 9, -4*y - 4*b = -12. What is the greatest common divisor of 44 and y?
4
Let f = -172 + 232. Calculate the greatest common divisor of f and 220.
20
Let a(v) = -2*v**2 + 4*v + 13. Let q be a(0). What is the highest common divisor of 104 and q?
13
Let l be 50/6 - 3/9. Let a = -1189 - -1213. What is the greatest common factor of l and a?
8
Let j(p) = 7*p + 1. Let s(v) = -v + 1. Let g(i) = j(i) + 6*s(i). Let x be g(9). Calculate the greatest common factor of 4 and x.
4
Let p = 22 + -18. Suppose p*x - r = -8, 0*x + 4*r + 4 = 4*x. Let z be -1 + 1 + (12 - x). Calculate the greatest common divisor of z and 75.
15
Suppose -4*a + 5*a = 2*x + 11, -5*a + 4*x + 43 = 0. Calculate the greatest common divisor of a and 35.
7
Let y be (0 - -1)*(2326 - -1) + 1. What is the highest common factor of 24 and y?
24
Suppose -3*x = 4*v - 101, -4*x = -2*v + v + 11. What is the highest common factor of 115 and v?
23
Let b(f) = 5*f + 30. Let s be b(14). Calculate the highest common factor of 20 and s.
20
Let p be (0 + -1)/(53/(-265)). What is the highest common factor of p and 40?
5
Suppose -m + 312 = -2*t, 3*m - 1605 = -2*m + t. Calculate the greatest common factor of m and 28.
14
Suppose -q - 37 - 14 = 0. Let l = 87 + q. Suppose -2*y + 25 + 83 = 0. What is the highest common divisor of l and y?
18
Suppose 0 = -3*g - 9, 4*k + 4*g - 172 = -16. Let z(f) = f**2 + f + 2. Let t be 0 + 2 - (3 - -3). Let h be z(t). Calculate the highest common factor of k and h.
14
Suppose -4*x - 42 = -22. Let p be 2 - -61 - (8 + x). Let y = -16 + 28. What is the highest common divisor of p and y?
12
Let t(n) = 5*n**2 + 5*n + 1. Suppose -5 = 4*r + 3*z, 0*r - 3*r = z + 5. Let y be t(r). Calculate the greatest common divisor of y and 11.
11
Suppose -9*c + 6*c = -78. Suppose -5 = 3*q + 4*x + c, 3*q - 5*x = 5. Let w = q + 23. Calculate the highest common divisor of w and 72.
18
Let j(l) = 20*l + 19. Let m be j(-6). Let v = m - -276. Calculate the greatest common factor of v and 25.
25
Let v = -69 + 36. Let b be -3 - -2*v/(-2). Suppose 3*h = 5*h - 12. What is the greatest common divisor of h and b?
6
Suppose 12 = 2*k - 5*k. Let n(v) = v**2 + 3*v. Let f be n(k). Let u be ((-17)/(-2))/(f/56). What is the greatest common factor of 17 and u?
17
Suppose -3*h - 2*h = -5*z - 320, -124 = -2